 remainder when 81381 is divided by 27119?
24
What is the remainder when 410719 is divided by 34222?
55
What is the remainder when 1482625 is divided by 494189?
58
Calculate the remainder when 120358 is divided by 60097.
164
What is the remainder when 882897 is divided by 32?
17
Calculate the remainder when 210220 is divided by 105102.
16
What is the remainder when 938641 is divided by 2980?
2921
Calculate the remainder when 2367596 is divided by 789073.
377
Calculate the remainder when 68436 is divided by 23.
11
What is the remainder when 107483 is divided by 152?
19
Calculate the remainder when 42845 is divided by 3373.
2369
What is the remainder when 1492268 is divided by 1258?
280
What is the remainder when 732786 is divided by 10308?
918
What is the remainder when 367654 is divided by 183825?
4
What is the remainder when 800033724 is divided by 2?
0
What is the remainder when 3779748 is divided by 1200?
948
What is the remainder when 13502011 is divided by 117?
94
What is the remainder when 895289726 is divided by 19?
17
Calculate the remainder when 324896 is divided by 138.
44
What is the remainder when 11468900 is divided by 79?
75
Calculate the remainder when 57312389 is divided by 21.
8
What is the remainder when 205617 is divided by 4196?
13
What is the remainder when 1178862 is divided by 17578?
1136
What is the remainder when 17163038 is divided by 8581517?
4
What is the remainder when 1746952 is divided by 3012?
3004
Calculate the remainder when 296913 is divided by 1205.
483
Calculate the remainder when 6517700 is divided by 460.
420
What is the remainder when 51052620 is divided by 2363?
5
What is the remainder when 4845535 is divided by 381?
358
Calculate the remainder when 4218075 is divided by 703011.
9
What is the remainder when 6386689 is divided by 679?
15
Calculate the remainder when 22829679 is divided by 877.
492
What is the remainder when 4832445 is divided by 50?
45
Calculate the remainder when 241846 is divided by 39943.
2188
Calculate the remainder when 1192765 is divided by 8.
5
What is the remainder when 58666222 is divided by 159?
151
Calculate the remainder when 2687588 is divided by 223958.
92
Calculate the remainder when 171695 is divided by 170341.
1354
Calculate the remainder when 4444839 is divided by 93.
90
What is the remainder when 8188097 is divided by 515?
112
What is the remainder when 1394247 is divided by 177?
18
What is the remainder when 41377 is divided by 3211?
2845
Calculate the remainder when 318565 is divided by 4901.
0
Calculate the remainder when 13044088 is divided by 3216.
3208
What is the remainder when 12027096 is divided by 2290?
16
What is the remainder when 1015347 is divided by 14715?
12
What is the remainder when 504901 is divided by 497?
446
What is the remainder when 1214858 is divided by 408?
242
What is the remainder when 87728919 is divided by 117?
96
Calculate the remainder when 149361177 is divided by 20.
17
What is the remainder when 454642 is divided by 227189?
264
Calculate the remainder when 10799099 is divided by 117.
116
Calculate the remainder when 164245 is divided by 81971.
303
What is the remainder when 49217375 is divided by 64?
31
What is the remainder when 2414565 is divided by 29?
25
What is the remainder when 28779957 is divided by 5755991?
2
Calculate the remainder when 150338926 is divided by 3184.
3182
What is the remainder when 12629815 is divided by 742927?
56
What is the remainder when 186664 is divided by 244?
4
Calculate the remainder when 66065396 is divided by 227.
224
Calculate the remainder when 201637092 is divided by 1822.
1818
Calculate the remainder when 4271496 is divided by 320.
136
Calculate the remainder when 30414996 is divided by 1400.
1396
Calculate the remainder when 295319 is divided by 6283.
18
What is the remainder when 1773926 is divided by 299?
258
Calculate the remainder when 58960 is divided by 29239.
482
What is the remainder when 131854 is divided by 9416?
30
What is the remainder when 5655649 is divided by 494?
337
What is the remainder when 3444011 is divided by 112?
11
Calculate the remainder when 2537285 is divided by 425.
35
Calculate the remainder when 36992854 is divided by 1308.
1306
What is the remainder when 2054361 is divided by 63?
57
Calculate the remainder when 32612 is divided by 160.
132
Calculate the remainder when 1789917 is divided by 255669.
234
What is the remainder when 17020 is divided by 14504?
2516
What is the remainder when 38532 is divided by 2324?
1348
What is the remainder when 39655276 is divided by 1086?
1072
Calculate the remainder when 155772 is divided by 15575.
22
What is the remainder when 4300480 is divided by 1077?
19
Calculate the remainder when 1543842 is divided by 257282.
150
What is the remainder when 42298 is divided by 3497?
334
Calculate the remainder when 122253 is divided by 3056.
13
What is the remainder when 32669318 is divided by 2759?
2758
Calculate the remainder when 9723827 is divided by 39689.
22
What is the remainder when 413249 is divided by 10596?
5
Calculate the remainder when 8547438 is divided by 440.
438
Calculate the remainder when 56581 is divided by 9283.
883
What is the remainder when 1266824 is divided by 1266818?
6
What is the remainder when 265745681 is divided by 44290946?
5
What is the remainder when 462514 is divided by 35439?
1807
What is the remainder when 80075257 is divided by 69?
67
What is the remainder when 60137162 is divided by 20045720?
2
What is the remainder when 4958822 is divided by 408?
398
Calculate the remainder when 48010485 is divided by 8.
5
Calculate the remainder when 83745598 is divided by 239.
237
Calculate the remainder when 2846686 is divided by 711635.
146
What is the remainder when 263611 is divided by 37655?
26
What is the remainder when 68272 is divided by 22750?
22
What is the remainder when 58004304 is divided by 31?
18
What is the remainder when 277603509 is divided by 248?
245
Calculate the remainder when 154479 is divided by 1716.
39
What is the remainder when 985071 is divided by 470?
421
Calculate the remainder when 34985 is divided by 32883.
2102
What is the remainder when 432433 is divided by 1772?
65
Calculate the remainder when 24276152 is divided by 12.
8
What is the remainder when 112808292 is divided by 4439?
4424
Calculate the remainder when 587695 is divided by 117457.
410
What is the remainder when 91397 is divided by 3475?
1047
Calculate the remainder when 133378419 is divided by 4.
3
Calculate the remainder when 31437089 is divided by 115.
114
Calculate the remainder when 610051334 is divided by 2886.
2882
Calculate the remainder when 354350881 is divided by 173.
171
What is the remainder when 86244 is divided by 17247?
9
Calculate the remainder when 68320226 is divided by 1595.
1591
Calculate the remainder when 3212648 is divided by 29.
28
Calculate the remainder when 53761272 is divided by 29.
28
Calculate the remainder when 138754 is divided by 491.
292
What is the remainder when 1038256 is divided by 10?
6
What is the remainder when 173361 is divided by 5101?
5028
Calculate the remainder when 21615752 is divided by 1570.
1562
What is the remainder when 83782113 is divided by 3?
0
Calculate the remainder when 1670517 is divided by 15316.
1073
Calculate the remainder when 7731275 is divided by 2106.
149
Calculate the remainder when 43429731 is divided by 7238287.
9
What is the remainder when 445234 is divided by 222598?
38
Calculate the remainder when 6041333 is divided by 172608.
53
What is the remainder when 2944411 is divided by 1472204?
3
What is the remainder when 62393604 is divided by 9?
6
Calculate the remainder when 11672617 is divided by 905.
832
What is the remainder when 1827102 is divided by 2376?
2334
What is the remainder when 84010737 is divided by 448?
433
What is the remainder when 49197904 is divided by 5466432?
16
Calculate the remainder when 3291003 is divided by 4038.
33
What is the remainder when 10936759 is divided by 148?
3
What is the remainder when 67150449 is divided by 12?
9
What is the remainder when 21280613 is divided by 140004?
5
What is the remainder when 774872 is divided by 2709?
98
Calculate the remainder when 8381427 is divided by 2649.
2640
Calculate the remainder